late x(r).
-3
Let o = -10 + 16. Let r = 10 - o. Let l(k) = -k**3 + 5*k**2 - 2*k - 2. Calculate l(r).
6
Let f(g) = -g + 18. Let r = -341 + 357. Determine f(r).
2
Let n(b) be the first derivative of b**3 - 1/2*b**4 - 2*b + 1/2*b**2 - 39. Determine n(2).
-4
Let n(x) = -11*x**3 + 0*x**3 + x**2 - 2*x**2 + 7*x**3 - x. What is n(-2)?
30
Let c(o) be the first derivative of -o**5/60 + o**4/24 - 3*o**3 + 6*o**2 + 4. Let f(z) be the second derivative of c(z). Calculate f(0).
-18
Let n be (-10)/(-60) + 3/((-54)/(-15)). Let z(b) = 8*b**2 + 3*b - 3. Give z(n).
8
Suppose -575 = 181*n - 1661. Let j(m) be the first derivative of -m**2 + 1. Calculate j(n).
-12
Let s(y) = 12*y - 102. Suppose d + 4*u - 21 = 0, 0 = 307*d - 309*d + 2*u + 12. Calculate s(d).
6
Let u(z) = 4*z. Suppose 4*b = 4*o + 12, 6*o - 15 = 11*o - 4*b. Determine u(o).
-12
Let z(f) = -f**3 - 6*f**2 + 8*f - 6. Suppose -2*o - 16 = 26*i - 27*i, -2*i - 24 = 4*o. What is z(o)?
-13
Let t(o) = -o**2 - 4*o - 3. Let l(r) = 7*r**3 - r**2 + 15*r + 10. Let c(n) = -n**3 - n**2 - n. Let u(b) = -6*c(b) - l(b). Let k be u(5). Give t(k).
-8
Let a(o) = -29*o + 24. Let d be (-2 + 0)*35/(-10) - 1. Let k(i) = 14*i - 11. Let h(b) = d*a(b) + 13*k(b). Calculate h(-1).
-7
Let x(b) = -b + 1. Let l(v) = v + 10. Let p(z) = l(z) + 2*x(z). Determine p(6).
6
Let f(g) = g**2 + 2*g - 1. Let d be ((-4)/6)/((60/(-54))/(-10)). Determine f(d).
23
Let t(v) = 5*v**3 - 20*v**2 + 5*v + 5. Let z(b) = -11*b**3 + 42*b**2 - 11*b - 6. Let k(j) = 13*t(j) + 6*z(j). Give k(-7).
-13
Suppose 2 = k - 0*k, 0 = 3*u - 3*k - 9. Let r(h) = -h**2 + 7*h - 1. Determine r(u).
9
Let w be (7 + -1 - 7)/((-4)/(-32)). Let a(v) = -6*v - 36. Give a(w).
12
Let a(j) = -j**2 - 10*j - 10. Let k be a(-8). Let i(n) = 89 - 2*n - n + 2*n - 77. What is i(k)?
6
Let p(y) = -175 - 159 + 354 + y. Give p(-14).
6
Let f(g) = g**3 - 5*g**2 + 3*g - 10. Let w(a) = -1. Let b(r) = -f(r) + 6*w(r). Let t(i) = -i + 1. Let l be t(-4). Determine b(l).
-11
Let w = -1 + -3. Let g(n) = -34*n + 4*n - 3 + 10*n + 13*n + 4*n. Give g(w).
9
Suppose -154 = -4*p - 70. Let y(l) = -11*l + p*l - 1 - 6*l + 2. Calculate y(-1).
-3
Let w(l) = -2 - 6 + 3 + 5*l - 5*l**2 + l**3. Suppose -5*r + 13*r = 24. Suppose -t = -2*c + 7, -5*c - 2*t + 25 = r. What is w(c)?
-1
Let p(t) = 24*t - 1 + 18*t - 43*t. Suppose -d + 4*d = 6. Determine p(d).
-3
Let a(m) = 272*m**2 + 230*m**2 - 2*m - 2 - 458*m**2 - m. Calculate a(-1).
45
Let r = 2 - -1. Let m(f) = -56*f**3 + 55*f**r - f**2 - 10 + f**2. Let d be (-2)/(-4) + (-3)/6. Give m(d).
-10
Suppose -3*f + 6140 = 4*x, -8*f - 3084 = -2*x - 13*f. Let r(d) = -2*d**2 - x*d + 2 + 1 + d**3 + 1531*d. Let h = -2 + 5. Calculate r(h).
9
Let n(b) = -2*b**2 - 4*b - 2. Let x(j) = -j**3 - 8*j**2 - 14*j - 14. Let g be x(-6). Give n(g).
-2
Suppose -2*z - 38 = -42. Let x(r) = 2*r**3 - 5*r**2 + 5*r - 2. Calculate x(z).
4
Let t(p) = 5*p + 19. Let u(g) = -3*g - 12. Let o(s) = 5*t(s) + 8*u(s). Give o(5).
4
Let a(v) = -v**2 - 8*v - 20. Let r(b) = -b + 3. Let k(d) = a(d) + 5*r(d). Give k(-13).
-5
Let c(s) = s**2 + s - 2. Let x be ((-9)/(-6))/(-3)*-8. Suppose -4*w - 16 = 0, 4 = x*q + w + 20. What is c(q)?
4
Let a be 6 + -11 - 22/(-2). Let b(v) = 2*v - 6. Let j be b(4). Let f(t) = -4*t + a*t + 2 - 3 + 4*t**j. Give f(-2).
11
Let h(c) = 11*c + 33. Let q(y) = 6*y + 12. Let p(k) = h(k) - 2*q(k). Suppose -f + 11 = 2*l, -23 = -5*l + 3*f + 32. Give p(l).
1
Let u(a) be the first derivative of -1/3*a**3 + 42 - 2*a**2 + 0*a. Calculate u(-3).
3
Let k(g) = -3*g**2 + 7*g**2 - 2 + 464*g + 2*g**2 - 460*g + g**3. Calculate k(-5).
3
Let v be -11 + (-198)/(-11) + -3. Let i(f) = -4*f**2 + 6*f - 8. Give i(v).
-48
Let r(v) = -v**3 - v**2 + 2*v + 4. Suppose -z = -i, 2*i + 0*i = -2*z + 8. Calculate r(z).
-4
Let o(t) = 2*t**3 + 6*t**2 + 6 - t**3 - 2*t + 7*t + 0. Let d(m) = m**2 - 16*m - 51. Let p be d(21). Let g = p - 59. Calculate o(g).
6
Suppose -6*q + 6 = -0*q. Let w(y) = 2 - 17*y - q + 2 + 20*y. What is w(-2)?
-3
Suppose 13*z - 488 + 449 = 0. Let s(t) = -2*t + 3. Calculate s(z).
-3
Let y(u) = u - 8. Let g be y(4). Let h(k) = k**3 + 11*k**2 - 13*k - 1. Let o be h(-12). Let r(m) = 2*m + 26 - 13 - o. Give r(g).
-6
Let n(x) be the third derivative of x**4/12 - 4*x**2 + 11. Determine n(-4).
-8
Let s be (-9 - -10)/1 - (1 - -3). Let q(v) = 11*v - 5. Let f(t) = 6*t - 3. Let a(k) = -5*f(k) + 3*q(k). What is a(s)?
-9
Let p(m) = -m**2 - m - 9. Let k = 4 - 5. Let c be 1/(-1) - (-3 - -4)*k. Determine p(c).
-9
Suppose 0 = 9*w - 14*w + 170. Suppose -3*v - 17 = -2*b + 9, -4*b + w = -3*v. Let i(n) = -n - 6. What is i(v)?
0
Suppose -3*y - 2 = -y. Let q(l) = -7*l**3 - 7*l**2 + l**2 - 4*l**3 + 7*l**2 + l**3. Give q(y).
11
Let q be -1 - 2 - (-9 - -2). Let h(i) = 2 - 2*i**2 + q*i**2 - 3*i**2 - 2*i. Give h(-4).
-6
Let w(h) be the first derivative of h**3/3 - 2*h**2 + 2*h - 21. Suppose q - 4*l - 9 = 7, 4*l = -5*q + 8. Give w(q).
2
Let w(k) = -6 + 6*k - 1 - 3*k. Let p = -1614 + 1619. Give w(p).
8
Suppose -b = -5*g + 9, 5*b + 19 = -4*g + 3*g. Let y(o) be the first derivative of o**4/4 + 2*o**3/3 - 5*o**2/2 + 2*o - 173. Give y(b).
-10
Let y(j) = -15*j - 55. Let o(f) = 13*f + 44. Let b(a) = -5*o(a) - 4*y(a). What is b(2)?
-10
Let g(y) be the third derivative of -y**6/240 + y**5/60 + 13*y**4/8 + 2*y**2. Let x(a) be the second derivative of g(a). Let p = -4 - -2. Give x(p).
8
Let c(y) = y**3 - 2*y**2 + 2*y - 8. Let m be (2/(-4))/((-1)/8). Let j(t) = -t**2 + 1. Let r be (12/(-8))/(-3)*2. Let q(g) = m*j(g) + r*c(g). Calculate q(6).
8
Let h(c) = -c + 1. Let n(y) = -y**2 + 5. Let o(r) = 2*h(r) - n(r). Let s be o(4). Let i(q) = -q**2 + 11 - 3 - 7 - s*q. Give i(-6).
-5
Let y be 132/21 - 8/28. Let m = y + -4. Suppose -2*b = -3*t + 14, 4*t - 3*t = m*b + 6. Let r(z) = 5*z - 6. Calculate r(t).
14
Suppose 41*y - 52*y - 56 = -67*y. Let a(i) = -i + 6. Let o be a(4). Let q(t) = 4*t + 9*t**2 - 3*t - 22*t**o. Determine q(y).
-12
Let o(k) be the second derivative of -k**5/20 - 5*k**4/6 - k**3/3 - 3*k**2/2 + 267*k. Calculate o(-10).
17
Let j(t) = -t**3 + 4*t**2 + 4*t + 15. Suppose -20 = -h - 3*k, 4*h + 5*k = 9*h. Give j(h).
10
Let v(y) be the second derivative of -y**4/12 + 2*y**3/3 + 3*y**2 - 3*y + 10. Calculate v(5).
1
Let q(r) be the first derivative of r**3/3 + 5*r**2/2 + 3*r - 6. Let t(c) = -c - 3. Let v be t(-4). Let h(b) = -4*b**2 + 1. Let o be h(v). Give q(o).
-3
Let a(d) = -2*d + 26. Let h(t) = -t + 9. Let y(l) = -3*a(l) + 8*h(l). Let c = -65 + 61. Give y(c).
2
Let r(d) = -d**3 - 11*d**2 + 12*d - 6. Suppose 9*x - 32 = 12*x - 4*q, -3*x - 34 = -2*q. Calculate r(x).
-6
Let w(g) = g**2 - 2 + 0*g**2 + 22*g - 44*g + 17*g - 2. Calculate w(6).
2
Let x be (4 - 32/14)/(20/(-70)). Let y(l) = 5*l + 14. What is y(x)?
-16
Let p(x) be the first derivative of -x**3/3 - 3*x**2 + 3*x - 3. Suppose 1 = h - 0. Let z be 2/(h + 4/(-3)). Determine p(z).
3
Let j(y) = -8*y - 15*y - 16*y - 10*y + 1 + 48*y. Determine j(-5).
6
Let j = -83 + 86. Let x(v) = -v**2 + 5*v. What is x(j)?
6
Let m(i) be the second derivative of -5*i**5/4 - i**4/12 + i**3/3 - i**2/2 + 4*i + 8. Determine m(1).
-25
Let m(i) = -i**2 - 5*i + 3. Let c = 12 - 10. Suppose 3*f + 4*a = -4, -2*f - 2 = -f + c*a. Suppose -3*n + 7*n + 16 = f. Determine m(n).
7
Let x(g) = -g**2 - 2*g. Let l be ((-2)/(-2) - -2)*(-48 - -47). Give x(l).
-3
Suppose s - 4*s = -9. Let r = -2 + s. Let v(t) = 13*t**3 + 2*t**2 - t. What is v(r)?
14
Let v(y) = 106 + y - 204 + 105. Let w be ((-2)/(-4))/((-1)/6). Calculate v(w).
4
Let c(k) = k**2 + 10*k + 5. Let f(j) = 6*j**2 + 50*j + 24. Let w(m) = -11*c(m) + 2*f(m). Give w(9).
-16
Let d(x) = x**2 - 8*x + 3. Let l(k) = -30*k - 201. Let h be l(-7). Determine d(h).
12
Suppose 3*l - 16 = -4*h, 2*l = 4*l. Let b(n) = -18*n - 3. Let q(v) = -43*v - 8. Let s(m) = -7*b(m) + 3*q(m). Calculate s(h).
-15
Let q(i) = -i**3 + 46 + 4*i**3 - 2*i**3 - 102 + 76 - 9*i**2. Give q(9).
20
Suppose -7*y = 3*y + 20. Let v(u) = -4*u. Calculate v(y).
8
Suppose -l + 3 = 1. Let n be l/(-5) - (-17)/5. Let i(y) = -2*y - 14*y + n*y + 1. Calculate i(1).
-12
Let q(s) be the third derivative of s**5/60 + s**4/12 - 5*s**3/2 - 88*s**2 - 2*s. Calculate q(3).
0
Let b(r) = -r**2 + 21*r - 25. Suppose -28*y = -18*y - 190. Determine b(y).
13
Let a(i) be the second derivative of i**4/12 - 2*i**3 - i**2/2 + 198*i. Give a(12).
-1
Let o(a) be the fi